4072 = 0. What are the prime factors of b?
509
Let h = -9 - -11. Suppose 26 - 188 = -h*s. Suppose -2*d - d = -s. List the prime factors of d.
3
Let t be -32 + (5 - (5 + -3)). Let h = -11 - t. List the prime factors of h.
2, 3
Let m(t) = 3*t + 6. Let v be m(-6). Let g = v - -16. Suppose 5*f = -x + 15, -2*f = g*x - f - 98. List the prime factors of x.
5
Suppose -s = -y + 2, -3*y - s + 22 = 2*y. Suppose 0 = -5*j - 20, -y*j + 972 = 4*c - 5*j. What are the prime factors of c?
2, 11
Let v = -8 - -15. Let w be (-25*(-2)/6)/((-134)/(-402)). Let x = v + w. What are the prime factors of x?
2
Suppose -5*r = -7*v - 20351, 16*r - 11*r - 20324 = -2*v. List the prime factors of r.
2, 19, 107
Let v(w) be the first derivative of -w**4/4 + 10*w**3/3 + 12*w + 25. List the prime factors of v(6).
2, 3, 13
Suppose 62 = -5*v + 157. What are the prime factors of ((-1)/(-3))/(v/3477)?
61
Let g(u) = -52*u - 11 + u**3 + 4*u**2 + 34*u + 0*u**3. What are the prime factors of g(-5)?
2, 3
Let t = 30 + -26. Suppose t*q + 283 = 3*i + 5*q, 2*q = i - 92. List the prime factors of i.
2, 47
Suppose 2*t + 4 = -5*z + 2, -2*t + 6 = 3*z. Let p(w) = w**3 - 4*w**2 - 10 - 6*w**2 - 4*w + t*w. List the prime factors of p(10).
2, 5
Suppose 1440 = 2*z - 19*j + 15*j, z - 725 = j. List the prime factors of z.
2, 5, 73
Let b = -578 - -1692. List the prime factors of b.
2, 557
Suppose o + 4*o = 1335. List the prime factors of o.
3, 89
Let w be ((-122)/(-4) + (13 - 16))*18. List the prime factors of w/12 - (-4)/(-16).
41
Let u be ((-49)/(-3))/((-6)/(-108)). Suppose -u = -5*a - 3*x, a = 2*a + 5*x - 72. List the prime factors of a.
3, 19
Let n(q) = -41*q**2 - 3*q - 2. Let h be n(-2). Let d = -59 - h. List the prime factors of d.
101
Suppose 4*x - 3*j = 10270, 4*j + 417 - 10673 = -4*x. List the prime factors of x.
2, 1283
Let a be ((-12)/30)/(3 + 164/(-55)). Let d = 30 - a. What are the prime factors of d?
2, 13
Suppose -19 + 61 = 21*s. Suppose -5*i - 4*l + 1435 = 315, 5*i + s*l - 1120 = 0. What are the prime factors of i?
2, 7
Let l(d) = 5*d**3 - 5*d**2 + 2*d + 2. Let t(x) = x**3 - 4*x**2 - 3*x - 7. Let u be t(5). What are the prime factors of l(u)?
2, 7
Let x(h) be the third derivative of h**6/40 - 17*h**5/60 - h**4/6 + 7*h**3/6 + 20*h**2. What are the prime factors of x(7)?
5, 7
Let l(u) = u**3 + 17*u**2 - 5*u - 12. What are the prime factors of l(-17)?
73
Let k = 11 - 9. List the prime factors of k/(-6) + 2919/9.
2, 3
Let o = -9 - -12. Let l(a) = -o*a + 2*a + 4*a**2 + 0*a - 5*a. What are the prime factors of l(4)?
2, 5
Let f(o) = 3*o - 5. Let u be f(5). Let d be 4*5/2*2/10. Let n = d + u. List the prime factors of n.
2, 3
Let s be ((-20)/(-12))/(9/27). Let r = 46 + -23. Suppose -4*b - r = -f, b + 23 - 3 = s*f. What are the prime factors of f?
3
Suppose -3*i - 15 + 3 = 0, 5*i + 654 = 2*y. Let l = y + -130. What are the prime factors of l?
11, 17
Let b = 218 + 863. What are the prime factors of b?
23, 47
Let d be 40*(-9)/2 + (5 - 3). Let y = 270 + d. List the prime factors of y.
2, 23
Let u = -63 - -165. Let m = u - 69. What are the prime factors of m?
3, 11
Let m(l) = 11*l**3 - 2*l + 1. Let x be m(1). Suppose 15*y - 420 = x*y. Suppose -3*b = 12 - y. List the prime factors of b.
2, 3
Suppose -3*l - 11 = -3*d - 260, 0 = 2*d + 3*l + 146. Suppose 428 = 4*c - 24. Let h = c + d. What are the prime factors of h?
2, 17
Let s = 93 - 44. Suppose -w - w - s = -b, -2*b + 98 = -w. List the prime factors of b.
7
Let u = 31 + 26. Let y(q) = q**3 + 2*q**2 - 3*q. Let c be y(-3). Suppose 3*f - 90 - u = c. What are the prime factors of f?
7
Let x(b) = b - 1. Let p be x(4). Let f be (9 + 3)/p + -3. List the prime factors of (14*f)/((-6)/(-12)).
2, 7
Let y be (2 + -22)/(2/(-12)). Suppose 4*w = -3*j + 259, 0 = -j - 4*w + y - 23. Suppose 0*s = -5*s + 2*a + j, 0 = 2*s - a - 32. What are the prime factors of s?
17
Suppose -5*q + 120 = a, 7*a = q + 2*a - 24. List the prime factors of q.
2, 3
Let v(x) = 1194*x**2 + 46*x - 94. What are the prime factors of v(2)?
2, 7, 11, 31
Suppose 18*i - 14235 = 4899. List the prime factors of i.
1063
Let r(f) = 178*f**3 - 3*f**2 - 3*f + 4. Let b be r(4). What are the prime factors of ((-6)/(-4))/(78/b)?
2, 109
Suppose 117 = 3*w + 27. Suppose 2*n = 54 + w. What are the prime factors of n?
2, 3, 7
Suppose 7*u + 29*u - 64296 = 0. List the prime factors of u.
2, 19, 47
Let z = 71 - 51. Suppose 0 = -n - n + z. Suppose 0 = n*w - 13*w + 60. List the prime factors of w.
2, 5
Let z be 732/(-84) + (-2)/7. Let b be (-2)/3*z/2. What are the prime factors of (b/(-4) + 2)*4?
5
Let o(a) = -a**3 - a**2 + 57. Let d be o(0). Suppose -d = 4*j + 99. Let b = 89 + j. What are the prime factors of b?
2, 5
Let x(y) = -2*y + 7. Let u be (-2)/(-5) - 4/10. What are the prime factors of x(u)?
7
Suppose 0 = 4*d - 206 - 66. Suppose d = 5*o - 2*w + 4, 0 = -4*w + 12. Suppose 6 = 5*j - o, 4*k + 2*j = 76. List the prime factors of k.
17
Suppose 10*k = 47 - 7. Suppose 2*v - 422 = 4*t, -3*t - 1214 + 395 = -k*v. What are the prime factors of v?
3, 67
Let d = -15 - -203. Suppose p = -2, -5*b - 2*p + 3*p = d. Let w = b - -57. List the prime factors of w.
19
Suppose 3*x + 357 = -4*s - 0*x, 0 = s + 4*x + 86. What are the prime factors of (2 - 2) + s/(-2)?
3, 5
Let r(l) = 3*l**2 - 5*l - 6. Let n be 24/(-40)*(-2 - 3). Suppose -n*t - 5*k = -13, 15 = -5*t - 0*k - k. What are the prime factors of r(t)?
2, 31
Suppose -2*d = 7 - 57. Suppose -5*c - 5 = -d. Suppose 2*h + c = 24. List the prime factors of h.
2, 5
Suppose -2*t = 5*j + 10, 2*t - 21 = -3*t - j. Let i = -49 - -55. Let f = i + t. What are the prime factors of f?
11
Suppose 2*b = -0*b + 14. Suppose -3*r + 5*g = -32, 17 = -5*g - 3. Suppose -2*t - b = 1, 0 = 5*s + r*t - 34. List the prime factors of s.
2, 5
Let g(n) = -5*n**3 + 2*n**2 + n + 1. Let d(y) = -y**3 - 3*y**2 - y - 3. Let m be d(-3). Suppose 2*a = -m*a - 4. List the prime factors of g(a).
47
Suppose 3*t - 1118 = 5*f, 5*f + t + 1142 = -2*t. Let i = 368 + f. What are the prime factors of i?
2, 71
Suppose 2*i + 43 = 183. Suppose -i = -2*c + 232. List the prime factors of c.
151
Let r = 227 + -4. What are the prime factors of r?
223
Let p(h) = -h + 0*h + h - 2*h. Let s be p(1). Let o(w) = -10*w + 2. What are the prime factors of o(s)?
2, 11
Suppose 3*j + j - 104 = 0. Let m = j - -17. What are the prime factors of m?
43
Let h(a) = -54*a + 74. List the prime factors of h(-17).
2, 31
What are the prime factors of (0 + -794)*(-594)/132?
3, 397
What are the prime factors of (-16)/(-6)*10764/208?
2, 3, 23
List the prime factors of (-2)/((-11)/((-181027)/(-14))).
2351
Let a = -485 + 1131. Let x = a + -178. List the prime factors of ((-2)/6)/((-6)/x).
2, 13
Let j(b) = b**3 - 37*b**2 + 165*b - 25. What are the prime factors of j(33)?
2, 7, 19
Suppose -3*r + 10 = 2*r, 0 = x + r - 22. Let v = x + 47. What are the prime factors of v?
67
Let c = 383 + 1600. List the prime factors of c.
3, 661
Let s(m) = m**3 - 2*m**2 - m + 4. Suppose 2*o = -2*b - 0 + 10, -5*b + 2*o = -18. Let j be s(b). What are the prime factors of j + 1/(-4 + 3)?
31
Let f(h) = -h**3 - 5*h**2 + h + 7. Let u be f(-5). Suppose u*b - z = b - 3, -2*b = -4*z + 12. Suppose 0 = -n - b + 2. What are the prime factors of n?
2
Let z = -11 + 11. Let i be 2/(-5)*(-3 + -22). Suppose z = 2*j - 4*v + 4, 0 = 4*j - v - v - i. List the prime factors of j.
2
Suppose -q - m = 0, -q - m = -2*m - 4. Let z(f) = 7*f**2 - 2 - f**q + 3. What are the prime factors of z(2)?
5
Let j(c) = 12*c**3 + 7*c**2 + 10*c - 6. List the prime factors of j(4).
2, 457
Suppose 3*u = -u + 12. Suppose -8 = -u*c - c. What are the prime factors of (-2 - (c + -41))/1?
37
Suppose -18*d = 7963 - 34423. List the prime factors of d.
2, 3, 5, 7
Let w be -22*(-1)/(2 + 0). Suppose -w = 3*s + y, 3*s - s - y + 14 = 0. Let q = s - -15. What are the prime factors of q?
2, 5
Suppose 0 = -4*y + 3*y - 5*i + 35, -3*y + 5*i = -85. Suppose -y - 46 = 2*s. Let g = 56 + s. What are the prime factors of g?
2, 3
Let m(i) = -3*i + 3. Let c be m(-6). Suppose l = 2*g - 9, 2*g + 3*l + c = 6*g. Suppose 3*y + 2 + 4 = -3*s, 5*y + g*s = 0. List the prime factors of y.
3
Let a be 10/(-40) + (-2)/(-8). Suppose 17*b - 58 = 15*b. List the prime factors of b + (a - -3 - 4).
2, 7
Let j(g) = 2*g**2 - 9*g + 4. Let a be j(6). Suppose 3*n + 15 = 0, 